{"id":833,"date":"2024-12-18T09:43:47","date_gmt":"2024-12-18T09:43:47","guid":{"rendered":"https:\/\/critical-response.de\/?page_id=833"},"modified":"2025-01-03T13:53:24","modified_gmt":"2025-01-03T12:53:24","slug":"impressum","status":"publish","type":"page","link":"https:\/\/critical-response.de\/eng\/impressum\/","title":{"rendered":"Impress"},"content":{"rendered":"<div data-elementor-type=\"wp-page\" data-elementor-id=\"833\" class=\"elementor elementor-833\" data-elementor-post-type=\"page\">\n\t\t\t\t<div class=\"elementor-element elementor-element-656d0be e-flex e-con-boxed e-con e-parent\" data-id=\"656d0be\" data-element_type=\"container\">\n\t\t\t\t\t<div class=\"e-con-inner\">\n\t\t<div class=\"elementor-element elementor-element-7908df8 e-con-full e-flex e-con e-child\" data-id=\"7908df8\" data-element_type=\"container\">\n\t\t\t\t<div class=\"elementor-element elementor-element-32e11c7 elementor-widget elementor-widget-heading\" data-id=\"32e11c7\" data-element_type=\"widget\" data-widget_type=\"heading.default\">\n\t\t\t\t\t<h1 class=\"elementor-heading-title elementor-size-default\">Impress<\/h1>\t\t\t\t<\/div>\n\t\t\t\t<div class=\"elementor-element elementor-element-5a74262 elementor-widget elementor-widget-text-editor\" data-id=\"5a74262\" data-element_type=\"widget\" data-widget_type=\"text-editor.default\">\n\t\t\t\t\t\t\t\t\t<p><strong>Information according to \u00a7 5 TMG<\/strong><\/p><p>Martin V\u00f6disch<br \/>c\/o Grosch Postflex #750<br \/>Emsdettener Str. 10<br \/>48268 Greven<br \/><strong><br \/>Contact<\/strong><\/p><p>Telefon: +49 (0) 175 558 22 10<br \/>E-Mail: kontakt [at] critical-response.com<\/p><p><strong>Information on professional liability insurance<\/strong><\/p><p>Name und Sitz des Versicherers:<br \/>EFM Ensure! GmbH<br \/>Gro\u00dfer Burstah 31<br \/>20457 Hamburg<\/p><p>Area of validity of the insurance:<br \/>worldwide<\/p><p><strong>Liability for content<\/strong><\/p><p class=\"translation-block\">As a service provider, we are responsible for our own content on these pages in accordance with Section 7 (1) TMG (German Telemedia Act) and general legislation. According to \u00a7\u00a7 8 to 10 TMG, however, we as a service provider are not obliged to monitor transmitted or stored third-party information or to investigate circumstances that indicate illegal activity.\nObligations to remove or block the use of information in accordance with general legislation remain unaffected by this. However, liability in this respect is only possible from the time of knowledge of a specific infringement. As soon as we become aware of such infringements, we will remove this content immediately.<\/p><p><strong>Liability for links<\/strong><\/p><p class=\"translation-block\">Our offer contains links to external third-party websites over whose content we have no influence. We therefore cannot assume any liability for this external content. The respective provider or operator of the pages is always responsible for the content of the linked pages. The linked pages were checked for possible legal violations at the time of linking. Illegal content was not recognizable at the time of linking. However, permanent control of the content of the linked pages is unreasonable without concrete evidence of a legal violation. If we become aware of any legal violations, we will immediately remove such links.<\/p><p><strong>Copyright<\/strong><\/p><p class=\"translation-block\">The content and works created by the site operators on these pages are subject to German copyright law. Duplication, processing, distribution and any kind of exploitation outside the limits of copyright law require the written consent of the respective author or creator. Downloads and copies of this site are only permitted for private, non-commercial use. Insofar as the content on this site was not created by the operator, the copyrights of third parties are respected. In particular, third-party content is identified as such. Should you nevertheless become aware of a copyright infringement, please inform us accordingly. If we become aware of any infringements, we will remove such content immediately.<\/p>\t\t\t\t\t\t\t\t<\/div>\n\t\t\t\t<\/div>\n\t\t\t\t\t<\/div>\n\t\t\t\t<\/div>\n\t\t\t\t<\/div>","protected":false},"excerpt":{"rendered":"<p>Impressum Angaben gem\u00e4\u00df \u00a7 5 TMG Martin V\u00f6dischc\/o Grosch Postflex #750Emsdettener Str. 1048268 GrevenKontakt Telefon: +49 (0) 175 558 22 10E-Mail: kontakt [at] critical-response.com Angaben zur Berufshaftpflichtversicherung Name und Sitz des Versicherers:EFM Ensure! GmbHGro\u00dfer Burstah 3120457 Hamburg Geltungsraum der Versicherung:weltweit Haftung f\u00fcr Inhalte Als Diensteanbieter sind wir gem\u00e4\u00df \u00a7 7 Abs.1 TMG f\u00fcr eigene Inhalte [&hellip;]<\/p>","protected":false},"author":1,"featured_media":0,"parent":0,"menu_order":0,"comment_status":"closed","ping_status":"closed","template":"","meta":{"footnotes":""},"class_list":["post-833","page","type-page","status-publish","hentry"],"yoast_head":"<!-- This site is optimized with the Yoast SEO plugin v26.7 - https:\/\/yoast.com\/wordpress\/plugins\/seo\/ -->\n<title>Impressum - critical-response.de<\/title>\n<meta name=\"robots\" content=\"index, follow, max-snippet:-1, max-image-preview:large, max-video-preview:-1\" \/>\n<link rel=\"canonical\" href=\"https:\/\/critical-response.de\/eng\/impressum\/\" \/>\n<meta property=\"og:locale\" content=\"en_GB\" \/>\n<meta property=\"og:type\" content=\"article\" \/>\n<meta property=\"og:title\" content=\"Impressum - critical-response.de\" \/>\n<meta property=\"og:description\" content=\"Impressum Angaben gem\u00e4\u00df \u00a7 5 TMG Martin V\u00f6dischc\/o Grosch Postflex #750Emsdettener Str. 1048268 GrevenKontakt Telefon: +49 (0) 175 558 22 10E-Mail: kontakt [at] critical-response.com Angaben zur Berufshaftpflichtversicherung Name und Sitz des Versicherers:EFM Ensure! GmbHGro\u00dfer Burstah 3120457 Hamburg Geltungsraum der Versicherung:weltweit Haftung f\u00fcr Inhalte Als Diensteanbieter sind wir gem\u00e4\u00df \u00a7 7 Abs.1 TMG f\u00fcr eigene Inhalte [&hellip;]\" \/>\n<meta property=\"og:url\" content=\"https:\/\/critical-response.de\/eng\/impressum\/\" \/>\n<meta property=\"og:site_name\" content=\"critical-response.de\" \/>\n<meta property=\"article:modified_time\" content=\"2025-01-03T12:53:24+00:00\" \/>\n<meta name=\"twitter:card\" content=\"summary_large_image\" \/>\n<script type=\"application\/ld+json\" class=\"yoast-schema-graph\">{\"@context\":\"https:\/\/schema.org\",\"@graph\":[{\"@type\":\"WebPage\",\"@id\":\"https:\/\/critical-response.de\/de_de\/impressum\/\",\"url\":\"https:\/\/critical-response.de\/de_de\/impressum\/\",\"name\":\"Impressum - critical-response.de\",\"isPartOf\":{\"@id\":\"https:\/\/critical-response.de\/#website\"},\"datePublished\":\"2024-12-18T09:43:47+00:00\",\"dateModified\":\"2025-01-03T12:53:24+00:00\",\"breadcrumb\":{\"@id\":\"https:\/\/critical-response.de\/de_de\/impressum\/#breadcrumb\"},\"inLanguage\":\"en-GB\",\"potentialAction\":[{\"@type\":\"ReadAction\",\"target\":[\"https:\/\/critical-response.de\/de_de\/impressum\/\"]}]},{\"@type\":\"BreadcrumbList\",\"@id\":\"https:\/\/critical-response.de\/de_de\/impressum\/#breadcrumb\",\"itemListElement\":[{\"@type\":\"ListItem\",\"position\":1,\"name\":\"Startseite\",\"item\":\"https:\/\/critical-response.de\/\"},{\"@type\":\"ListItem\",\"position\":2,\"name\":\"Impressum\"}]},{\"@type\":\"WebSite\",\"@id\":\"https:\/\/critical-response.de\/#website\",\"url\":\"https:\/\/critical-response.de\/\",\"name\":\"critical-response.de\",\"description\":\"\",\"publisher\":{\"@id\":\"https:\/\/critical-response.de\/#organization\"},\"potentialAction\":[{\"@type\":\"SearchAction\",\"target\":{\"@type\":\"EntryPoint\",\"urlTemplate\":\"https:\/\/critical-response.de\/?s={search_term_string}\"},\"query-input\":{\"@type\":\"PropertyValueSpecification\",\"valueRequired\":true,\"valueName\":\"search_term_string\"}}],\"inLanguage\":\"en-GB\"},{\"@type\":\"Organization\",\"@id\":\"https:\/\/critical-response.de\/#organization\",\"name\":\"Critical Response\",\"url\":\"https:\/\/critical-response.de\/\",\"logo\":{\"@type\":\"ImageObject\",\"inLanguage\":\"en-GB\",\"@id\":\"https:\/\/critical-response.de\/#\/schema\/logo\/image\/\",\"url\":\"https:\/\/critical-response.de\/wp-content\/uploads\/2024\/12\/cr_logo_a_194.png\",\"contentUrl\":\"https:\/\/critical-response.de\/wp-content\/uploads\/2024\/12\/cr_logo_a_194.png\",\"width\":1523,\"height\":790,\"caption\":\"Critical Response\"},\"image\":{\"@id\":\"https:\/\/critical-response.de\/#\/schema\/logo\/image\/\"}}]}<\/script>\n<!-- \/ Yoast SEO plugin. -->","yoast_head_json":{"title":"Impressum - critical-response.de","robots":{"index":"index","follow":"follow","max-snippet":"max-snippet:-1","max-image-preview":"max-image-preview:large","max-video-preview":"max-video-preview:-1"},"canonical":"https:\/\/critical-response.de\/eng\/impressum\/","og_locale":"en_GB","og_type":"article","og_title":"Impressum - critical-response.de","og_description":"Impressum Angaben gem\u00e4\u00df \u00a7 5 TMG Martin V\u00f6dischc\/o Grosch Postflex #750Emsdettener Str. 1048268 GrevenKontakt Telefon: +49 (0) 175 558 22 10E-Mail: kontakt [at] critical-response.com Angaben zur Berufshaftpflichtversicherung Name und Sitz des Versicherers:EFM Ensure! GmbHGro\u00dfer Burstah 3120457 Hamburg Geltungsraum der Versicherung:weltweit Haftung f\u00fcr Inhalte Als Diensteanbieter sind wir gem\u00e4\u00df \u00a7 7 Abs.1 TMG f\u00fcr eigene Inhalte [&hellip;]","og_url":"https:\/\/critical-response.de\/eng\/impressum\/","og_site_name":"critical-response.de","article_modified_time":"2025-01-03T12:53:24+00:00","twitter_card":"summary_large_image","schema":{"@context":"https:\/\/schema.org","@graph":[{"@type":"WebPage","@id":"https:\/\/critical-response.de\/de_de\/impressum\/","url":"https:\/\/critical-response.de\/de_de\/impressum\/","name":"Impressum - critical-response.de","isPartOf":{"@id":"https:\/\/critical-response.de\/#website"},"datePublished":"2024-12-18T09:43:47+00:00","dateModified":"2025-01-03T12:53:24+00:00","breadcrumb":{"@id":"https:\/\/critical-response.de\/de_de\/impressum\/#breadcrumb"},"inLanguage":"en-GB","potentialAction":[{"@type":"ReadAction","target":["https:\/\/critical-response.de\/de_de\/impressum\/"]}]},{"@type":"BreadcrumbList","@id":"https:\/\/critical-response.de\/de_de\/impressum\/#breadcrumb","itemListElement":[{"@type":"ListItem","position":1,"name":"Startseite","item":"https:\/\/critical-response.de\/"},{"@type":"ListItem","position":2,"name":"Impressum"}]},{"@type":"WebSite","@id":"https:\/\/critical-response.de\/#website","url":"https:\/\/critical-response.de\/","name":"critical-response.de","description":"","publisher":{"@id":"https:\/\/critical-response.de\/#organization"},"potentialAction":[{"@type":"SearchAction","target":{"@type":"EntryPoint","urlTemplate":"https:\/\/critical-response.de\/?s={search_term_string}"},"query-input":{"@type":"PropertyValueSpecification","valueRequired":true,"valueName":"search_term_string"}}],"inLanguage":"en-GB"},{"@type":"Organization","@id":"https:\/\/critical-response.de\/#organization","name":"Critical Response","url":"https:\/\/critical-response.de\/","logo":{"@type":"ImageObject","inLanguage":"en-GB","@id":"https:\/\/critical-response.de\/#\/schema\/logo\/image\/","url":"https:\/\/critical-response.de\/wp-content\/uploads\/2024\/12\/cr_logo_a_194.png","contentUrl":"https:\/\/critical-response.de\/wp-content\/uploads\/2024\/12\/cr_logo_a_194.png","width":1523,"height":790,"caption":"Critical Response"},"image":{"@id":"https:\/\/critical-response.de\/#\/schema\/logo\/image\/"}}]}},"_links":{"self":[{"href":"https:\/\/critical-response.de\/eng\/wp-json\/wp\/v2\/pages\/833","targetHints":{"allow":["GET"]}}],"collection":[{"href":"https:\/\/critical-response.de\/eng\/wp-json\/wp\/v2\/pages"}],"about":[{"href":"https:\/\/critical-response.de\/eng\/wp-json\/wp\/v2\/types\/page"}],"author":[{"embeddable":true,"href":"https:\/\/critical-response.de\/eng\/wp-json\/wp\/v2\/users\/1"}],"replies":[{"embeddable":true,"href":"https:\/\/critical-response.de\/eng\/wp-json\/wp\/v2\/comments?post=833"}],"version-history":[{"count":19,"href":"https:\/\/critical-response.de\/eng\/wp-json\/wp\/v2\/pages\/833\/revisions"}],"predecessor-version":[{"id":1547,"href":"https:\/\/critical-response.de\/eng\/wp-json\/wp\/v2\/pages\/833\/revisions\/1547"}],"wp:attachment":[{"href":"https:\/\/critical-response.de\/eng\/wp-json\/wp\/v2\/media?parent=833"}],"curies":[{"name":"wp","href":"https:\/\/api.w.org\/{rel}","templated":true}]}}